{"id":163,"date":"2019-09-04T06:04:02","date_gmt":"2019-09-04T06:04:02","guid":{"rendered":"https:\/\/www.autoputs.fi\/?page_id=163"},"modified":"2025-12-04T17:06:40","modified_gmt":"2025-12-04T15:06:40","slug":"tjanster-prislista","status":"publish","type":"page","link":"https:\/\/www.autoputs.fi\/?page_id=163","title":{"rendered":"Tj\u00e4nster &#038; Prislista 2024"},"content":{"rendered":"\n<hr class=\"wp-block-separator is-style-wide\"\/>\n\n\n\n<p>     Effekttv\u00e4tt <span style=\"float: right;\">24\u20ac<\/span> <br>     Effekttv\u00e4tt + Vaxtv\u00e4tt (Rekommenderas) <span style=\"float: right;\">25\u20ac<\/span> <br>     Paketbil effekt + vaxtv\u00e4tt <span style=\"float: right;\">40\u20ac<\/span> <br>     Vaxtv\u00e4tt &amp; dammsugning <span style=\"float: right;\">55\u20ac<\/span> <br>     Vaxtv\u00e4tt samt innerst\u00e4dning <span style=\"float: right;\">65\u20ac<\/span> <br>     Dammsugning + mattv\u00e4tt <span style=\"float: right;\">25\u20ac<\/span> <br>     Innerst\u00e4dning <span style=\"float: right;\">55\u20ac<\/span> <br>     L\u00e4ttvaxning 3 m\u00e5n.<span>.<\/span> <span style=\"float: right;\">65\u20ac<\/span> <br>     H\u00e5rdvaxning 6 m\u00e5n. (Rekommenderas) <span style=\"float: right;\">95\u20ac<\/span> <br>     H\u00e5rdvaxning 12 m\u00e5n. (Rekommenderas) <span style=\"float: right;\">159\u20ac<\/span> <br>     Keramisk ytbehandling <span style=\"float: right;\">425\u20ac<\/span> <br>     H\u00e5rdvaxning 6 m\u00e5n. + innerst\u00e4dning<span style=\"float: right;\">129\u20ac <\/span> <br>     H\u00e5rdvaxning 12 m\u00e5n. + innerst\u00e4dning<span style=\"float: right;\">189\u20ac<\/span> <br>     Polering och keramisk ytbehandling <span style=\"float: right;\">700\u20ac<\/span> <br>     Polering <span style=\"font-size: 8pt;\">F\u00f6r ett fast pris granskas bilen f\u00f6rst<\/span> <span style=\"float: right;\">fr\u00e5n 300\u20ac<\/span> <br>     Sm\u00e5 poleringsjobb <span style=\"float: right;\">fr\u00e5n 50\u20ac<\/span> <br>     Polering av lyktor <span style=\"float: right;\">100\u20ac \/ par<\/span> <br>     Vindrutereparation <span style=\"float: right;\">fr\u00e5n 50\u20ac<\/span> <br>     Underredestv\u00e4tt <span style=\"float: right;\">20\u20ac<\/span> <br>     Tv\u00e4ttning av s\u00e4ten <span style=\"float: right;\">50\u20ac\/h<\/span> <br>     Tv\u00e4tt av l\u00e4ders\u00e4ten + l\u00e4derv\u00e5rd <span style=\"float: right;\">65\u20ac\/h<\/span> <br>     L\u00e4derkl\u00e4dselv\u00e5rd <span style=\"float: right;\">35\u20ac<\/span> <br>     Ozonering <span style=\"float: right;\">50\u20ac<\/span> <br>     D\u00e4ckbyte <span style=\"float: right;\">25\u20ac (med f\u00e4lgtv\u00e4tt 30\u20ac)<\/span> <br>     A\/C P\u00e5fyllning <span style=\"float: right;\">fr\u00e5n 69\u20ac<\/span><br>     Spolarv\u00e4tska <span style=\"float: right;\">fr\u00e5n 2\u20ac\/L<\/span> <\/p>\n\n\n\n<p><strong>Till\u00e4ggsavgift debiteras om fordonet \u00e4r h\u00f6gre \u00e4n 2.1 meter. Kontakta oss f\u00f6r mera information.<\/strong><\/p>\n","protected":false},"excerpt":{"rendered":"<p>Effekttv\u00e4tt 24\u20ac Effekttv\u00e4tt + Vaxtv\u00e4tt (Rekommenderas) 25\u20ac Paketbil effekt + vaxtv\u00e4tt 40\u20ac Vaxtv\u00e4tt &amp; dammsugning 55\u20ac Vaxtv\u00e4tt samt innerst\u00e4dning 65\u20ac Dammsugning + mattv\u00e4tt 25\u20ac Innerst\u00e4dning 55\u20ac L\u00e4ttvaxning 3 m\u00e5n.. 65\u20ac H\u00e5rdvaxning 6 m\u00e5n. (Rekommenderas) 95\u20ac H\u00e5rdvaxning 12 m\u00e5n. (Rekommenderas) 159\u20ac Keramisk ytbehandling 425\u20ac H\u00e5rdvaxning 6 m\u00e5n. + innerst\u00e4dning129\u20ac H\u00e5rdvaxning 12 [&hellip;]<\/p>\n","protected":false},"author":1,"featured_media":0,"parent":0,"menu_order":0,"comment_status":"closed","ping_status":"closed","template":"","meta":{"_monsterinsights_skip_tracking":false,"_monsterinsights_sitenote_active":false,"_monsterinsights_sitenote_note":"","_monsterinsights_sitenote_category":0},"_links":{"self":[{"href":"https:\/\/www.autoputs.fi\/index.php?rest_route=\/wp\/v2\/pages\/163"}],"collection":[{"href":"https:\/\/www.autoputs.fi\/index.php?rest_route=\/wp\/v2\/pages"}],"about":[{"href":"https:\/\/www.autoputs.fi\/index.php?rest_route=\/wp\/v2\/types\/page"}],"author":[{"embeddable":true,"href":"https:\/\/www.autoputs.fi\/index.php?rest_route=\/wp\/v2\/users\/1"}],"replies":[{"embeddable":true,"href":"https:\/\/www.autoputs.fi\/index.php?rest_route=%2Fwp%2Fv2%2Fcomments&post=163"}],"version-history":[{"count":57,"href":"https:\/\/www.autoputs.fi\/index.php?rest_route=\/wp\/v2\/pages\/163\/revisions"}],"predecessor-version":[{"id":532,"href":"https:\/\/www.autoputs.fi\/index.php?rest_route=\/wp\/v2\/pages\/163\/revisions\/532"}],"wp:attachment":[{"href":"https:\/\/www.autoputs.fi\/index.php?rest_route=%2Fwp%2Fv2%2Fmedia&parent=163"}],"curies":[{"name":"wp","href":"https:\/\/api.w.org\/{rel}","templated":true}]}}